50213?
False
Is 4226106 a multiple of 13?
False
Does 13 divide 551352?
False
Does 428 divide 255944?
True
Is 111 a factor of 697746?
True
Does 894 divide 646261?
False
Does 43 divide 6418667?
False
Does 703 divide 310023?
True
Is 177 a factor of 1241832?
True
Is 1223937 a multiple of 39?
True
Is 38707 a multiple of 15?
False
Is 299 a factor of 123188?
True
Is 20 a factor of 516279?
False
Is 2734049 a multiple of 27?
False
Is 523939 a multiple of 533?
True
Is 236 a factor of 225852?
True
Is 1219 even?
False
Is 32414 even?
True
Does 139 divide 332349?
True
Does 20 divide 383280?
True
Is 56238 a multiple of 21?
True
Is 5 a factor of 1100470?
True
Does 265 divide 1381445?
True
Is 97 a factor of 155700?
False
Is 48777 a multiple of 229?
True
Does 39 divide 510834?
False
Is 324567 a multiple of 9?
True
Is 137 a factor of 4980307?
False
Is 47 a factor of 149857?
False
Is 5118768 a multiple of 1107?
True
Is 125664 a multiple of 102?
True
Is 2873122 a multiple of 16?
False
Is 2601831 a multiple of 9?
False
Is 14916 a multiple of 44?
True
Does 31 divide 969928?
True
Does 6 divide 144372?
True
Does 15 divide 332310?
True
Is 203280 a multiple of 56?
True
Is 2169855 a multiple of 15?
True
Does 54 divide 5512158?
True
Is 3981861 a multiple of 9?
True
Is 403 a factor of 12744069?
True
Is 5 a factor of 53323?
False
Is 180 a factor of 342729?
False
Is 185812 a multiple of 41?
True
Is 153596 a multiple of 47?
True
Does 12 divide 3734172?
True
Is 42 a factor of 2167534?
False
Does 35 divide 1307495?
True
Is 385823 a multiple of 38?
False
Is 732270 a multiple of 317?
True
Does 772 divide 1155164?
False
Is 68948 a multiple of 10?
False
Does 148 divide 188700?
True
Is 7 a factor of 1646003?
False
Is 13 a factor of 2097343?
False
Is 171 a factor of 137484?
True
Is 11 a factor of 185328?
True
Does 180 divide 50040?
True
Does 404 divide 3612164?
True
Is 22 a factor of 14631?
False
Is 31185 a multiple of 315?
True
Is 394 a factor of 627767?
False
Is 620334 a multiple of 143?
True
Does 9 divide 63216?
True
Is 32 a factor of 1466505?
False
Is 1426487 a multiple of 67?
False
Does 5 divide 4489?
False
Is 13 a factor of 179803?
True
Is 31 a factor of 1333899?
True
Is 47 a factor of 920777?
True
Is 630643 a multiple of 139?
True
Does 112 divide 186816?
True
Is 457 a factor of 904717?
False
Is 119 a factor of 16601452?
True
Is 266 a factor of 136990?
True
Is 84372 a multiple of 38?
False
Does 22 divide 1019748?
False
Is 6634233 a multiple of 11?
False
Is 13 a factor of 244998?
True
Is 11 a factor of 14082695?
True
Does 58 divide 8874?
True
Is 35 a factor of 3605?
True
Does 4 divide 3445951?
False
Is 644 a factor of 4529789?
False
Is 31 a factor of 344224?
True
Does 29 divide 741111?
False
Does 128 divide 41394?
False
Does 17 divide 72274?
False
Is 10055841 a multiple of 28?
False
Is 122 a factor of 121146?
True
Is 77 a factor of 10703?
True
Is 842 even?
True
Does 12 divide 105269?
False
Is 50 a factor of 4884661?
False
Is 9 a factor of 42048?
True
Does 11 divide 6255161?
True
Is 157 a factor of 92763?
False
Is 86 a factor of 226782?
True
Is 191 a factor of 110721?
False
Does 250 divide 139750?
True
Is 10 a factor of 154353?
False
Does 104 divide 1691758?
False
Is 1603126 a multiple of 43?
True
Is 153700 a multiple of 16?
False
Is 95715 a multiple of 45?
True
Is 1163924 a multiple of 202?
True
Does 81 divide 930535?
False
Does 30 divide 10084800?
True
Does 342 divide 111288?
False
Is 7874388 a multiple of 54?
True
Is 26539 a multiple of 26?
False
Does 28 divide 9919848?
False
Is 5 a factor of 418235?
True
Does 443 divide 38729?
False
Is 225 a factor of 137925?
True
Is 738324 a multiple of 12?
True
Does 53 divide 22111774?
False
Is 1607666 a multiple of 41?
False
Does 16 divide 336126?
False
Is 1500352 a multiple of 56?
True
Is 167 a factor of 17733687?
False
Is 13 a factor of 26207?
False
Does 19 divide 1904239?
False
Is 19945404 a multiple of 18?
True
Is 9788 a multiple of 2?
True
Is 5598656 a multiple of 27?
False
Does 494 divide 4246424?
True
Does 23 divide 761737?
True
Is 270 a factor of 2034720?
True
Does 13 divide 633815?
True
Is 634 a factor of 1728284?
True
Is 863835 a multiple of 21?
True
Is 141 a factor of 2043938?
False
Is 438 a factor of 889578?
True
Does 54 divide 2329124?
False
Does 485 divide 1159150?
True
Is 155174 a multiple of 15?
False
Is 161412 a multiple of 46?
False
Is 5 a factor of 7600?
True
Is 154325 a multiple of 32?
False
Is 320 a factor of 8471939?
False
Is 3 a factor of 105626?
False
Is 6899019 a multiple of 31?
True
Is 35108645 a multiple of 65?
True
Is 26 a factor of 16839?
False
Is 219606 a multiple of 26?
False
Is 15 a factor of 32024?
False
Is 242 a factor of 15237709?
False
Is 11 a factor of 37345?
True
Does 881 divide 195582?
True
Is 15 a factor of 162190?
False
Does 30 divide 237112?
False
Is 704514 a multiple of 6?
True
Does 11 divide 143044?
True
Is 434 a factor of 11925553?
False
Is 1477456 a multiple of 107?
True
Is 690517 a multiple of 205?
False
Is 107 a factor of 3603096?
False
Is 639 a factor of 4120911?
True
Is 3937041 a multiple of 77?
False
Is 24108 a multiple of 123?
True
Does 41 divide 2876045?
False
Does 140 divide 1386694?
False
Is 61 a factor of 3583204?
False
Is 106 a factor of 6059?
False
Does 358 divide 25220?
False
Is 7386435 a multiple of 131?
True
Does 71 divide 1428104?
False
Is 23226 a multiple of 147?
True
Is 2206813 a multiple of 11?
False
Is 349965 a multiple of 11?
True
Is 2145269 a multiple of 18?
False
Is 52 a factor of 673556?
True
Is 182 a factor of 2353442?
True
Is 29376873 a multiple of 2097?
True
Does 3 divide 28670?
False
Does 23 divide 5146802?
True
Does 45 divide 237872?
False
Does 56 divide 16016?
True
Is 4 a factor of 123365?
False
Is 973619 a multiple of 17?
False
Does 14 divide 27299139?
False
Is 99 a factor of 1632793?
False
Is 26780 a multiple of 130?
True
Is 15 a factor of 70022?
False
Does 19 divide 83619?
True
Is 952 a factor of 843472?
True
Is 112 a factor of 4477851?
False
Does 22 divide 268712?
False
Is 6 a factor of 72783?
False
Is 10 a factor of 1621?
False
Is 1170032 a multiple of 676?
False
Does 28 divide 460530?
False
Is 5 a factor of 142?
False
Is 97 a factor of 383150?
True
Is 10 a factor of 2320521?
False
Does 107 divide 165315?
True
Is 7038 a multiple of 38?
False
Does 42 divide 114237?
False
Is 13 a factor of 17042868?
False
Does 34 divide 7499516?
True
Does 27 divide 124659?
True
Is 9 a factor of 6561445?
False
Does 128 divide 10678144?
True
Is 841435 a multiple of 29?
True
Is 26 a factor of 1272752?
True
Does 382 divide 176646?
False
Is 24876 a multiple of 33?
False
Does 267 divide 174885?
True
Does 229 divide 21755?
True
Is 128940 a multiple of 10?
True
Does 17 divide 1390804?
True
Is 168819 a multiple of 184?
False
Is 14 a factor of 417802?
True
Does 95 divide 341910?
False
Is 47754 a multiple of 48?
False
Is 112 a factor of 855008?
True
Does 155 divide 1512800?
True
Is 1219050 a multiple of 315?
True
Is 29127 a multiple of 57?
True
Does 88 divide 102411?
False
Does 39 divide 7031505?
True
Is 31 a factor of 2974220?
False
Is 9641594 a multiple of 428?
False
Is 54470 a multiple of 130?
True
Is 16 a factor of 15037?
False
Does 346 divide 5510793?
False
Is 85 a factor of 235280?
True
Is 4879512 a multiple of 5?
False
Does 18 divide 5615991?
False
Is 176788 a multiple of 458?
True
Does 85 divide 591399?
False
Does 37 divide 6396412?
True
Does 25 divide 15725?
True
Is 2 a factor of 55838?
True
Is 112455 a multiple of 21?
True
Does 24 divide 529008?
True
Is 3562187 a multiple of 856?
False
Is 740197 a multiple of 32?
False
Does 18 divide 36738?
True
Is 2036310 a multiple of 10?
True
Is 3 a factor of 6750?
True
Is 49 a factor of 5268632?
False
Does 5 divide 679233?
False
Is 344 a factor of 11257056?
True
Is 296 a factor of 4673627?
False
Does 1157 divide 1283113?
True
Is 46339 a multiple of 149?
True
Is 460 a factor of 1508282?
False
Does 22 divide 70686?
True
Is 30 a factor of 82640?
False
Is 12 a factor of 40561?
False
Does 89 divide 1268764?
False
Is 955192 a multiple of 3?
False
Is 250 a factor of 197500?
True
Is 107 a factor of 59278?
True
Does 27 divide 663795?
True
Does 12 divide 1699572?
True
Is 2 a factor of 6009?
False
Does 39 divide 2267344?
False
Is 5812560 a multiple